{"id":341,"date":"2024-01-12T23:35:09","date_gmt":"2024-01-12T22:35:09","guid":{"rendered":"https:\/\/colectivovidaindependiente.org\/cvi\/?page_id=341"},"modified":"2024-01-25T05:13:05","modified_gmt":"2024-01-25T04:13:05","slug":"programas","status":"publish","type":"page","link":"https:\/\/colectivovidaindependiente.org\/cvi\/index.php\/programas\/","title":{"rendered":"Programas"},"content":{"rendered":"\n<div class=\"wp-block-group alignfull has-ti-bg-alt-background-color has-background is-layout-constrained wp-container-core-group-is-layout-5 wp-block-group-is-layout-constrained\" style=\"margin-top:0px;margin-bottom:0px;padding-top:64px;padding-bottom:64px\">\n<div class=\"wp-block-group alignwide is-layout-flow wp-block-group-is-layout-flow\">\n<div class=\"wp-block-columns is-layout-flex wp-container-core-columns-is-layout-1 wp-block-columns-is-layout-flex\">\n<div class=\"wp-block-column is-layout-flow wp-container-core-column-is-layout-1 wp-block-column-is-layout-flow\">\n<div class=\"wp-block-group has-ti-bg-background-color has-background is-layout-constrained wp-block-group-is-layout-constrained\" style=\"border-top-left-radius:0px;border-top-right-radius:0px;border-bottom-left-radius:5px;border-bottom-right-radius:5px;padding-top:32px;padding-right:32px;padding-bottom:32px;padding-left:32px\">\n<h3 class=\"wp-block-heading has-text-align-left has-medium-font-size\">Conocimiento<\/h3>\n\n\n\n<p id=\"mW2cu0kl28eV0PLL\">El Programa de Conocimiento busca producir informaci\u00f3n y contenido para el abordaje del tema en los \u00e1mbitos pol\u00edtico, acad\u00e9mico y social, principalmente a trav\u00e9s de dos actividades principales:<\/p>\n\n\n\n<p id=\"n6ytL143r9wOr3pR\">1.Producci\u00f3n y publicaci\u00f3n de diagn\u00f3sticos y an\u00e1lisis peri\u00f3dicos sobre la situaci\u00f3n de las personas con discapacidad en el pa\u00eds.<\/p>\n\n\n\n<p id=\"JWvva7MPgAyJo8GY\">2.Comunicaci\u00f3n estrat\u00e9gica orientada al posicionamiento p\u00fablico, educaci\u00f3n sociocultural y generaci\u00f3n de ciudadan\u00eda.<\/p>\n<\/div>\n<\/div>\n\n\n\n<div class=\"wp-block-column is-layout-flow wp-container-core-column-is-layout-2 wp-block-column-is-layout-flow\">\n<div class=\"wp-block-group has-ti-bg-background-color has-background is-layout-constrained wp-block-group-is-layout-constrained\" style=\"border-top-left-radius:0px;border-top-right-radius:0px;border-bottom-left-radius:5px;border-bottom-right-radius:5px;padding-top:32px;padding-right:32px;padding-bottom:32px;padding-left:32px\">\n<h3 class=\"wp-block-heading has-text-align-left has-medium-font-size\">Formaci\u00f3n<\/h3>\n\n\n\n<p id=\"HA7P9XVPmfpTR3Rl\">Programa de Formaci\u00f3n capacita a actores sociales, privados y p\u00fablicos en el tema de discapacidad y su incidencia, desde materiales y contenidos adecuados a las necesidades y perfiles de participantes.<\/p>\n<\/div>\n<\/div>\n\n\n\n<div class=\"wp-block-column is-layout-flow wp-container-core-column-is-layout-3 wp-block-column-is-layout-flow\">\n<div class=\"wp-block-group has-ti-bg-background-color has-background is-layout-constrained wp-block-group-is-layout-constrained\" style=\"border-radius:5px;padding-top:32px;padding-right:32px;padding-bottom:32px;padding-left:32px\">\n<h3 class=\"wp-block-heading has-text-align-left has-medium-font-size\">Incidencia<\/h3>\n\n\n\n<p id=\"KQDjWAGzgIoILq49\">El Programa de Incidencia busca influir decisiones pol\u00edticas de las instituciones p\u00fablicas, para favorecer del respeto de los derechos de las personas con discapacidad, a trav\u00e9s de tres acciones principales:<\/p>\n\n\n\n<p id=\"OsbTA0IoGbkQ67e6\">1. Mapeo constante de actores pol\u00edticos y correlaci\u00f3n de fuerzas en las instituciones p\u00fablicas.<\/p>\n\n\n\n<p id=\"fgV4fTTctQldBN00\">2. Seguimiento de la actividad legislativa en materia de Derechos Humanos y Derechos Humanos de las personas con discapacidad.<\/p>\n\n\n\n<p id=\"mTb0mAIlxXBMGehy\">3. Fiscalizaci\u00f3n de las entidades p\u00fablicas cuyo mandato est\u00e1 relacionado con la garant\u00eda de los Derechos de las personas con discapacidad.<\/p>\n<\/div>\n<\/div>\n<\/div>\n<\/div>\n<\/div>\n","protected":false},"excerpt":{"rendered":"<p>Conocimiento El Programa de Conocimiento busca producir informaci\u00f3n y contenido para el abordaje del tema en los \u00e1mbitos pol\u00edtico, acad\u00e9mico y social, principalmente a trav\u00e9s de dos actividades principales: 1.Producci\u00f3n y publicaci\u00f3n de diagn\u00f3sticos y an\u00e1lisis peri\u00f3dicos sobre la situaci\u00f3n de las personas con discapacidad en el pa\u00eds. 2.Comunicaci\u00f3n estrat\u00e9gica orientada al posicionamiento p\u00fablico, educaci\u00f3n [&hellip;]<\/p>\n","protected":false},"author":1,"featured_media":0,"parent":0,"menu_order":0,"comment_status":"closed","ping_status":"closed","template":"","meta":{"footnotes":""},"_links":{"self":[{"href":"https:\/\/colectivovidaindependiente.org\/cvi\/index.php\/wp-json\/wp\/v2\/pages\/341"}],"collection":[{"href":"https:\/\/colectivovidaindependiente.org\/cvi\/index.php\/wp-json\/wp\/v2\/pages"}],"about":[{"href":"https:\/\/colectivovidaindependiente.org\/cvi\/index.php\/wp-json\/wp\/v2\/types\/page"}],"author":[{"embeddable":true,"href":"https:\/\/colectivovidaindependiente.org\/cvi\/index.php\/wp-json\/wp\/v2\/users\/1"}],"replies":[{"embeddable":true,"href":"https:\/\/colectivovidaindependiente.org\/cvi\/index.php\/wp-json\/wp\/v2\/comments?post=341"}],"version-history":[{"count":4,"href":"https:\/\/colectivovidaindependiente.org\/cvi\/index.php\/wp-json\/wp\/v2\/pages\/341\/revisions"}],"predecessor-version":[{"id":351,"href":"https:\/\/colectivovidaindependiente.org\/cvi\/index.php\/wp-json\/wp\/v2\/pages\/341\/revisions\/351"}],"wp:attachment":[{"href":"https:\/\/colectivovidaindependiente.org\/cvi\/index.php\/wp-json\/wp\/v2\/media?parent=341"}],"curies":[{"name":"wp","href":"https:\/\/api.w.org\/{rel}","templated":true}]}}